0. Let a be x(k). What is the highest common divisor of a and u?
20
Suppose -m + 5*n = -9 - 39, -3*m - 4*n = -106. Let i be 1/(-2*(-1)/14). Suppose i*q = 2*q + 1330. What is the greatest common divisor of m and q?
38
Suppose -7990 = -24*m + 4*m - 7190. Calculate the greatest common factor of 1208 and m.
8
Let b be (1 - 21/15)/((-2)/(-130)). Let k be (-12)/42 + b/7. Let v be (k/((-8)/15))/((-5)/(-30)). Calculate the highest common factor of 18 and v.
9
Let x = 25 - 20. Let i be 16/(-16) - (-1 + -3). Suppose -3*u + u - 280 = -i*y, -5*y = -x*u - 475. What is the highest common factor of 15 and y?
15
Let m(x) = 11*x + 45. Let g(c) = -34*c - 133. Let h(l) = 2*g(l) + 7*m(l). Let i be h(-3). Calculate the greatest common divisor of 22 and i.
22
Let d = 310 + -58. Let w be 3/(-9) - 382/(-6) - (-18)/(-54). What is the highest common factor of d and w?
63
Let a be 13/((-104)/(-80)) + -5. Let w(z) = 6*z - 6. Let f be w(7). Suppose -a*r + r + f = 0. Calculate the highest common factor of r and 45.
9
Suppose -3*n = 2*p - 0*n + 8, 4*n = 4*p - 24. Suppose p*u = -818 + 822. Calculate the highest common divisor of 44 and u.
2
Let z(r) = 10 - 6 - 140*r + 128*r + 5*r**2 + 15*r**3. Let p be z(3). What is the highest common factor of p and 66?
22
Let l be (50/6)/((-10)/(-30)). Let r = l + -31. Let s be 4*((-249)/r - 3). Calculate the highest common factor of s and 14.
14
Let a(x) be the first derivative of -x**4/4 + 4*x**3 - 13*x**2/2 - 6*x - 51. Let i be a(9). What is the highest common factor of 75 and i?
15
Suppose 39*m + r = 40*m - 18, -m - r + 12 = 0. Calculate the greatest common factor of m and 255.
15
Suppose 87*x = -71*x + 100646. What is the highest common divisor of 392 and x?
49
Suppose -318 = 4*t - 2*h, -t + 3*h + 36 - 118 = 0. Let j = -238 + 335. Let b = j + t. What is the greatest common factor of 9 and b?
9
Let f(x) = x**3 + 6*x**2 - 8*x. Let y be f(-6). Let s be 171/2*y/108. Calculate the greatest common divisor of s and 418.
38
Let b(g) = -69*g**3 + 2*g + 4. Let v be b(2). Let w = -404 - v. Let s be 4/(-14) - 1182/(-21). What is the highest common divisor of w and s?
28
Let j = -3080 - -3866. What is the highest common divisor of j and 6?
6
Let z(q) = -q**3 + 56*q + 1096. Let c be z(-18). What is the highest common divisor of c and 2035?
185
Suppose 2*o - d = 10, 3*o - 6 - 16 = 5*d. Suppose 2*c - 72 = 4*u, 1 = u + 3. Calculate the greatest common factor of c and o.
4
Let w = -5063 - -5168. Let k be (-1 - 0) + (17 - 1). Calculate the highest common factor of w and k.
15
Suppose -3*u + 7193 = 4*q, -2*q - 4782 = -2*u + 2*q. Suppose -12*p + u = -1889. Calculate the highest common factor of 42 and p.
21
Suppose -2 = -2*l, 3*t + 3*l = t + 409. Let x = t - 113. Let i = x - -5. What is the greatest common divisor of 38 and i?
19
Suppose -70 = 4*j - 11*j. Let n be (-3 + 22/j)/(8/(-700)). Calculate the greatest common divisor of n and 14.
14
Let m(g) = 43*g**2 - 5*g - 1. Let u be m(4). Suppose 37652*w = 37637*w + 690. Calculate the greatest common factor of w and u.
23
Suppose 2*l + 47 = 5*h, -2*h + 4*h - 86 = 5*l. Let s = 23 - l. Suppose 6*c = s + 75. Calculate the highest common factor of c and 19.
19
Let o = -546 - -547. Let k be 6/o*(-1 - 8/(-6)). What is the greatest common divisor of k and 270?
2
Suppose -4*h + 1120 = 33*h - 17*h. What is the greatest common factor of 16 and h?
8
Let t be 1716/154 - (-2)/7*4/(-8). What is the highest common divisor of 27874 and t?
11
Let y be (-96309)/(-145) - (0 + 3/15). What is the highest common divisor of y and 14276?
332
Suppose 12 = 17*k - 11*k. Let i be k/(-12)*576/(-24). What is the highest common factor of 64 and i?
4
Let u be (6 - 109)*(4 - 5). Let g = -100 + u. Let n = -11 + 17. Calculate the highest common factor of n and g.
3
Let s(w) = -w**3 + 69*w**2 - 123*w - 342. Let r be s(67). What is the greatest common factor of 4029 and r?
79
Let g(d) = -4*d - 8*d + 2*d**2 - 9*d + 6*d + 34. Let x be g(5). Calculate the greatest common divisor of 117 and x.
9
Let o(h) = h**3 - h**2 - 27*h + 64. Let k be o(8). What is the greatest common divisor of k and 481?
37
Let n = 107 + -370. Let y = n + 270. Let o = 5 - 4. Calculate the highest common factor of y and o.
1
Let q be (165 - -2) + 11 + (-13 - -3). What is the highest common factor of q and 4788?
84
Let y(s) = -s**3 - 16*s**2 - 30*s - 2. Let o be y(-14). Suppose 27*q - o*q = 6. What is the highest common factor of 4 and q?
2
Let z(o) = 3*o + 86. Let s be z(-25). Let y(a) = a**2 - 3*a - 43. Let t be y(s). Calculate the greatest common divisor of t and 45.
45
Suppose -2*r - 2*r - 4*k + 484 = 0, -k = 0. Let z be 5/25 + -5 + (-158)/(-10). Calculate the highest common factor of r and z.
11
Suppose 0 = -122*v - 52*v + 1192 + 4028. Calculate the greatest common divisor of 3530 and v.
10
Let v be 10500/(-90)*36/(-15). What is the greatest common divisor of v and 2184?
56
Let m = -195 - -39. Let f = m + 202. Calculate the greatest common divisor of f and 69.
23
Let p be (-13 - -21) + (-16)/8. Let h be (2/4)/((-7)/(-420)). What is the greatest common factor of h and p?
6
Let y(f) = 7*f + 38. Let i be y(-3). Let m(n) = -n**3 - 11*n**2 - 11*n - 36. Let t be m(-11). Calculate the greatest common factor of i and t.
17
Suppose 244 = -10*q + 9*q. Let o = q + 503. Calculate the greatest common divisor of 37 and o.
37
Suppose -2*m + 1083 = 2*s + m, 5*m = -25. Suppose -15*y = -s + 99. Let d(t) = 5*t**3 + 2*t - 1. Let k be d(1). Calculate the greatest common divisor of y and k.
6
Let a(m) = -33*m - 9. Let v be a(-6). Let n(k) = -k**3 - 55*k**2 + 29*k - 1485. Let t be n(-56). What is the highest common divisor of t and v?
27
Suppose -53 = -3*x + 97. Let o(a) = a**3 - 8*a**2 + 6*a + 14. Let s be o(6). Let f be (s/(-4))/(5/500). Calculate the greatest common divisor of x and f.
50
Suppose -275*c + 315*c - 1680 = 0. Calculate the greatest common factor of 3318 and c.
42
Suppose -2*q - r - 4*r = -38, -82 = -3*q + 5*r. Let s be 1332/7*(-336)/(-72). What is the greatest common factor of s and q?
24
Suppose 6 = g - 2*r, -36 = -5*g - r + 27. Suppose 5*x + 47 = o + 8*x, -4*x - g = -o. What is the highest common divisor of 96 and o?
32
Let m = 681 - 678. Calculate the highest common factor of 12 and m.
3
Suppose 14*n - 5908 = 7303 + 15685. Calculate the greatest common divisor of 645 and n.
129
Suppose 3*r + 5*i - 583 = 0, 8*r + 3*i = 3*r + 977. Let x = r + -132. What is the greatest common factor of 112 and x?
16
Let r be (-2)/(16/(-56)*-7)*19290/(-3). What is the highest common divisor of r and 20?
10
Suppose -4*d - 7 + 31 + 72 = 0. What is the highest common divisor of d and 284?
4
Let j be 3*((-15)/9 - -2). Suppose 960*m - 941*m = 437. What is the greatest common divisor of j and m?
1
Let i be (30/(-9))/(3/(-9)). Let z be (-12)/(-3) - 4/(-28)*-7. What is the highest common factor of z and i?
1
Suppose 3*s + 157 = 4*z, 78 = 39*z - 37*z - 2*s. Calculate the greatest common factor of 26 and z.
2
Suppose 24 = -38*p + 176. Suppose 80 = -p*y + 176. Suppose -4*m - 2*j - 3*j = -53, -2*j = -2. Calculate the greatest common divisor of m and y.
12
Suppose -5*u = j - 77 - 334, 0 = -4*j - u + 1568. Suppose -v = -n + 22, v = -6 + 1. Calculate the highest common divisor of j and n.
17
Let d = 5918 - 5603. What is the highest common factor of 525 and d?
105
Let s(q) = -q**3 - 4*q**2 + 6*q + 7. Let p be s(-5). Let h(k) = -324*k + 94. Let c be h(-2). Let t = -736 + c. Calculate the highest common divisor of t and p.
2
Let f(g) = 4*g**2 + 12*g + 63. Let p(d) = d**2 - 2*d - 7. Let v be p(0). Let j be f(v). Calculate the highest common factor of 25 and j.
25
Let u be 460/8*4/5. Let w = u + -41. Suppose 3*j - w - 49 = 0. Calculate the greatest common factor of 126 and j.
18
Suppose -4*q - 56*h + 1587 = -55*h, 0 = 5*q + 2*h - 1986. What is the highest common factor of q and 1848?
132
Suppose 5*m - 65 = -3*q, m - 15 = -4*q - 2. What is the highest common factor of m and 1703?
13
Let x(f) = -f**3 + 14*f**2 - 18*f + 2. Let u be x(12). Suppose 4*y = u + 6. Let z be (-5)/(y/2)*-150. Calculate the highest common factor of z and 30.
15
Suppose 15*g = 7*g - 2432. Let v = -248 - g. Calculate the greatest common divisor of 64 and v.
8
Let y = 89 + -87. Suppose -3 = y*m - 3*m. Suppose -z - m*z - 4*j + 116 = 0, 3*z - 